{"id":234,"date":"2016-02-16T17:21:24","date_gmt":"2016-02-16T17:21:24","guid":{"rendered":"http:\/\/demo.themely.com\/integral\/?page_id=6"},"modified":"2026-04-13T11:23:38","modified_gmt":"2026-04-13T11:23:38","slug":"home","status":"publish","type":"page","link":"https:\/\/www.rulands-coaching.com\/","title":{"rendered":"Home"},"content":{"rendered":"\n<div class=\"wp-block-cover alignfull has-parallax is-repeated has-custom-content-position is-position-bottom-center ext-import has-white-color has-text-color has-link-color wp-elements-d3afdec11587c12ce0fb8ee82f6d5df6\" style=\"border-style:none;border-width:0px;border-radius:0px;margin-top:0;margin-bottom:0;padding-top:var(--wp--preset--spacing--small);padding-right:var(--wp--preset--spacing--x-small);padding-bottom:var(--wp--preset--spacing--small);padding-left:var(--wp--preset--spacing--x-small);min-height:320px;aspect-ratio:unset;\"><div class=\"wp-block-cover__image-background wp-image-36 has-parallax is-repeated\" style=\"background-position:50% 50%;background-image:url(https:\/\/www.rulands-coaching.com\/wp-content\/uploads\/2024\/02\/webIMG_4106-e1709129156929.jpg)\"><\/div><span aria-hidden=\"true\" class=\"wp-block-cover__background has-background-dim-20 has-background-dim\" style=\"background-color:#b57f0b\"><\/span><div class=\"wp-block-cover__inner-container is-layout-flow wp-container-core-cover-is-layout-34d468c6 wp-block-cover-is-layout-flow\">\n<div class=\"wp-block-group alignwide has-global-padding is-layout-constrained wp-block-group-is-layout-constrained\" style=\"padding-top:var(--wp--preset--spacing--40);padding-bottom:var(--wp--preset--spacing--60)\">\n<div class=\"wp-block-columns is-layout-flex wp-container-core-columns-is-layout-9503679e wp-block-columns-is-layout-flex\">\n<div class=\"wp-block-column is-layout-flow wp-block-column-is-layout-flow\" style=\"flex-basis:60%\">\n<p><\/p>\n\n\n\n<h2 class=\"wp-block-heading has-text-align-left has-white-color has-text-color\"><strong>Sie wollen etwas ver\u00e4ndern \u2013 wissen aber nicht, wo Sie anfangen sollen?<\/strong><\/h2>\n\n\n\n<p>Ich begleite Sie Schritt f\u00fcr Schritt \u2013 strukturiert, individuell und zielgerichtet.<\/p>\n<\/div>\n\n\n\n<div class=\"wp-block-column is-vertically-aligned-center is-layout-flow wp-block-column-is-layout-flow\" style=\"flex-basis:40%\">\n<p class=\"has-background-color has-text-color has-background has-link-color\" style=\"background-color: #6fb6de; text-align: center;\"><strong>Individuelle Betreuung \u2013 abgestimmt auf Ihre Ziele.<\/strong><\/p>\n\n\n\n<p class=\"has-background-color has-text-color has-background has-link-color\" style=\"background-color: #6fb6de; text-align: center;\"><strong>Strukturierte Planung f\u00fcr nachhaltige Fortschritte<\/strong><\/p>\n<\/div>\n<\/div>\n\n\n\n<div class=\"wp-block-buttons is-content-justification-right is-layout-flex wp-container-core-buttons-is-layout-53229e36 wp-block-buttons-is-layout-flex\" style=\"margin-top:var(--wp--preset--spacing--30)\">\n<div class=\"wp-block-button\"><a class=\"wp-block-button__link has-small-font-size has-text-align-center has-custom-font-size wp-element-button\" href=\"https:\/\/rulands-coaching.com\/?page_id=23\">Kostenloses Erstgespr\u00e4ch sichern<\/a><\/div>\n<\/div>\n<\/div>\n<\/div><\/div>\n\n\n\n<div class=\"wp-block-group alignfull has-background-background-color has-background has-global-padding is-layout-constrained wp-container-core-group-is-layout-046d5c65 wp-block-group-is-layout-constrained\" style=\"margin-top:0;margin-bottom:0;padding-top:0;padding-right:var(--wp--preset--spacing--30);padding-bottom:0;padding-left:var(--wp--preset--spacing--30)\">\n<div class=\"wp-block-columns alignfull are-vertically-aligned-center is-layout-flex wp-container-core-columns-is-layout-e5e30b16 wp-block-columns-is-layout-flex\" style=\"padding-right:0;padding-left:0\">\n<div class=\"wp-block-column is-vertically-aligned-center is-layout-flow wp-block-column-is-layout-flow\">\n<div class=\"wp-block-group has-global-padding is-content-justification-center is-layout-constrained wp-container-core-group-is-layout-f2ca5b04 wp-block-group-is-layout-constrained\" style=\"padding-top:var(--wp--preset--spacing--30);padding-right:var(--wp--preset--spacing--30);padding-bottom:var(--wp--preset--spacing--30);padding-left:var(--wp--preset--spacing--30)\">\n<h2 class=\"wp-block-heading\" style=\"margin-top:12px\"><strong><br>Der Weg zu Ihren Zielen beginnt nicht nur mit einem ersten Schritt \u2013<br>sondern mit der Entscheidung, ihn bewusst zu gehen.<\/strong><\/h2>\n\n\n\n<p>Willkommen bei Rulands \u2013 Personal Coaching.<\/p>\n\n\n\n<p>Vielleicht wissen Sie, dass Sie etwas ver\u00e4ndern m\u00f6chten \u2013 aber nicht genau, wo Sie anfangen sollen.<\/p>\n\n\n\n<p>Genau hier setze ich an:<br>Ich begleite Sie strukturiert, individuell und zielgerichtet auf Ihrem Weg.<\/p>\n\n\n\n<p>Mit funktionellem Training, bewusster Ern\u00e4hrung und mentaler St\u00e4rke schaffen wir die Basis f\u00fcr nachhaltige Ver\u00e4nderung.<\/p>\n\n\n\n<hr class=\"wp-block-separator has-alpha-channel-opacity\"\/>\n<\/div>\n<\/div>\n\n\n\n<div class=\"wp-block-column is-vertically-aligned-center is-layout-flow wp-block-column-is-layout-flow\">\n<div class=\"wp-block-cover ext-import\" style=\"min-height:75vh;aspect-ratio:unset;\"><img loading=\"lazy\" decoding=\"async\" width=\"2560\" height=\"1707\" class=\"wp-block-cover__image-background wp-image-263\" alt=\"\" src=\"https:\/\/www.rulands-coaching.com\/wp-content\/uploads\/2024\/02\/trailrun-4430944-scaled-1.jpg\" style=\"object-position:45% 43%\" data-object-fit=\"cover\" data-object-position=\"45% 43%\" srcset=\"https:\/\/www.rulands-coaching.com\/wp-content\/uploads\/2024\/02\/trailrun-4430944-scaled-1.jpg 2560w, https:\/\/www.rulands-coaching.com\/wp-content\/uploads\/2024\/02\/trailrun-4430944-scaled-1-300x200.jpg 300w, https:\/\/www.rulands-coaching.com\/wp-content\/uploads\/2024\/02\/trailrun-4430944-scaled-1-1024x683.jpg 1024w, https:\/\/www.rulands-coaching.com\/wp-content\/uploads\/2024\/02\/trailrun-4430944-scaled-1-2000x1334.jpg 2000w\" sizes=\"auto, (max-width: 2560px) 100vw, 2560px\" \/><span aria-hidden=\"true\" class=\"wp-block-cover__background has-background-dim-0 has-background-dim\"><\/span><div class=\"wp-block-cover__inner-container is-layout-flow wp-block-cover-is-layout-flow\">\n<p class=\"has-text-align-center has-primary-color has-text-color has-link-color has-large-font-size wp-elements-2c00a0ece34f15f9dac35c677e1aa723\"><\/p>\n<\/div><\/div>\n<\/div>\n<\/div>\n<\/div>\n\n\n<style>.kb-row-layout-id234_ef3b10-10 > .kt-row-column-wrap{align-content:start;}:where(.kb-row-layout-id234_ef3b10-10 > .kt-row-column-wrap) > .wp-block-kadence-column{justify-content:start;}.kb-row-layout-id234_ef3b10-10 > .kt-row-column-wrap{column-gap:var(--global-kb-gap-md, 2rem);row-gap:var(--global-kb-gap-md, 2rem);padding-top:var(--global-kb-spacing-sm, 1.5rem);padding-bottom:var(--global-kb-spacing-sm, 1.5rem);grid-template-columns:repeat(2, minmax(0, 1fr));}.kb-row-layout-id234_ef3b10-10 > .kt-row-layout-overlay{opacity:0.30;}@media all and (max-width: 1024px){.kb-row-layout-id234_ef3b10-10 > .kt-row-column-wrap{grid-template-columns:repeat(2, minmax(0, 1fr));}}@media all and (max-width: 767px){.kb-row-layout-id234_ef3b10-10 > .kt-row-column-wrap{grid-template-columns:minmax(0, 1fr);}}<\/style><div class=\"kb-row-layout-wrap kb-row-layout-id234_ef3b10-10 alignnone wp-block-kadence-rowlayout\"><div class=\"kt-row-column-wrap kt-has-2-columns kt-row-layout-equal kt-tab-layout-inherit kt-mobile-layout-row kt-row-valign-top\">\n<style>.kadence-column234_33154f-09 > .kt-inside-inner-col,.kadence-column234_33154f-09 > .kt-inside-inner-col:before{border-top-left-radius:0px;border-top-right-radius:0px;border-bottom-right-radius:0px;border-bottom-left-radius:0px;}.kadence-column234_33154f-09 > .kt-inside-inner-col{column-gap:var(--global-kb-gap-sm, 1rem);}.kadence-column234_33154f-09 > .kt-inside-inner-col{flex-direction:column;}.kadence-column234_33154f-09 > .kt-inside-inner-col > .aligncenter{width:100%;}.kadence-column234_33154f-09 > .kt-inside-inner-col:before{opacity:0.3;}.kadence-column234_33154f-09{position:relative;}@media all and (max-width: 1024px){.kadence-column234_33154f-09 > .kt-inside-inner-col{flex-direction:column;justify-content:center;}}@media all and (max-width: 767px){.kadence-column234_33154f-09 > .kt-inside-inner-col{flex-direction:column;justify-content:center;}}<\/style>\n<div class=\"wp-block-kadence-column kadence-column234_33154f-09\"><div class=\"kt-inside-inner-col\"><\/div><\/div>\n\n\n<style>.kadence-column234_dee9a9-f3 > .kt-inside-inner-col,.kadence-column234_dee9a9-f3 > .kt-inside-inner-col:before{border-top-left-radius:0px;border-top-right-radius:0px;border-bottom-right-radius:0px;border-bottom-left-radius:0px;}.kadence-column234_dee9a9-f3 > .kt-inside-inner-col{column-gap:var(--global-kb-gap-sm, 1rem);}.kadence-column234_dee9a9-f3 > .kt-inside-inner-col{flex-direction:column;}.kadence-column234_dee9a9-f3 > .kt-inside-inner-col > .aligncenter{width:100%;}.kadence-column234_dee9a9-f3 > .kt-inside-inner-col:before{opacity:0.3;}.kadence-column234_dee9a9-f3{position:relative;}@media all and (max-width: 1024px){.kadence-column234_dee9a9-f3 > .kt-inside-inner-col{flex-direction:column;justify-content:center;}}@media all and (max-width: 767px){.kadence-column234_dee9a9-f3 > .kt-inside-inner-col{flex-direction:column;justify-content:center;}}<\/style>\n<div class=\"wp-block-kadence-column kadence-column234_dee9a9-f3\"><div class=\"kt-inside-inner-col\"><\/div><\/div>\n\n<\/div><\/div>\n\n<style>.kb-row-layout-id234_0d378c-b4 > .kt-row-column-wrap{align-content:start;}:where(.kb-row-layout-id234_0d378c-b4 > .kt-row-column-wrap) > .wp-block-kadence-column{justify-content:start;}.kb-row-layout-id234_0d378c-b4 > .kt-row-column-wrap{column-gap:var(--global-kb-gap-md, 2rem);row-gap:var(--global-kb-gap-md, 2rem);padding-top:var(--global-kb-spacing-4xl, 8rem);padding-bottom:var(--global-kb-spacing-4xl, 8rem);grid-template-columns:minmax(0, 1fr);}.kb-row-layout-id234_0d378c-b4 > .kt-row-layout-overlay{opacity:0.30;}@media all and (max-width: 1024px){.kb-row-layout-id234_0d378c-b4 > .kt-row-column-wrap{grid-template-columns:minmax(0, 1fr);}}@media all and (max-width: 767px){.kb-row-layout-id234_0d378c-b4 > .kt-row-column-wrap{grid-template-columns:minmax(0, 1fr);}}<\/style><div class=\"kb-row-layout-wrap kb-row-layout-id234_0d378c-b4 alignnone wp-block-kadence-rowlayout\"><div class=\"kt-blocks-carousel kb-blocks-bg-slider kt-carousel-container-dotstyle-outlinelight\"><div class=\"kt-blocks-carousel-init splide kb-blocks-bg-slider-init kt-carousel-arrowstyle-outlinewhite kt-carousel-dotstyle-outlinelight\" data-slider-anim-speed=\"400\" data-slider-type=\"slider\" data-slider-scroll=\"1\" data-slider-arrows=\"true\" data-slider-fade=\"true\" data-slider-dots=\"true\" data-slider-hover-pause=\"false\" data-slider-auto=\"true\" data-slider-speed=\"6300\" data-show-pause-button=\"false\"><div class=\"splide__track\"><ul class=\"splide__list\"><li class=\"splide__slide kb-bg-slide-contain\"><div  class=\"kb-bg-slide kb-bg-slide-0\" style=\"background-image:url(https:\/\/www.rulands-coaching.com\/wp-content\/uploads\/2024\/02\/health-4861815_1280-e1709132252638.jpg); background-size:cover; background-position:center center; background-repeat:repeat;\"><\/div><\/li><li class=\"splide__slide kb-bg-slide-contain\"><div  class=\"kb-bg-slide kb-bg-slide-1\" style=\"background-image:url(https:\/\/www.rulands-coaching.com\/wp-content\/uploads\/2024\/03\/woman-gecdad6863_1920.jpg); background-size:cover; background-position:center center; background-repeat:repeat;\"><\/div><\/li><li class=\"splide__slide kb-bg-slide-contain\"><div  class=\"kb-bg-slide kb-bg-slide-2\" style=\"background-image:url(https:\/\/www.rulands-coaching.com\/wp-content\/uploads\/2024\/02\/fruit-3304977-1024x512-1.jpg); background-size:cover; background-position:center center; background-repeat:repeat;\"><\/div><\/li><li class=\"splide__slide kb-bg-slide-contain\"><div  class=\"kb-bg-slide kb-bg-slide-3\" style=\"background-image:url(https:\/\/www.rulands-coaching.com\/wp-content\/uploads\/2024\/03\/11500075_orig-1-2048x1365-1-e1709403084842.jpeg); background-size:cover; background-position:center center; background-repeat:repeat;\"><\/div><\/li><li class=\"splide__slide kb-bg-slide-contain\"><div  class=\"kb-bg-slide kb-bg-slide-4\" style=\"background-image:url(https:\/\/www.rulands-coaching.com\/wp-content\/uploads\/2024\/02\/cliff-1822484-scaled-e1709129016723.jpg); background-size:cover; background-position:center center; background-repeat:repeat;\"><\/div><\/li><li class=\"splide__slide kb-bg-slide-contain\"><div  class=\"kb-bg-slide kb-bg-slide-5\" style=\"background-image:url(https:\/\/www.rulands-coaching.com\/wp-content\/uploads\/2024\/02\/ribblehead-viaduct-2443085-scaled.jpg); background-size:cover; background-position:center center; background-repeat:repeat;\"><\/div><\/li><\/ul><\/div><\/div><\/div><div class=\"kt-row-column-wrap kt-has-1-columns kt-row-layout-equal kt-tab-layout-inherit kt-mobile-layout-row kt-row-valign-top\">\n<style>.kadence-column234_29ae34-f7 > .kt-inside-inner-col,.kadence-column234_29ae34-f7 > .kt-inside-inner-col:before{border-top-left-radius:0px;border-top-right-radius:0px;border-bottom-right-radius:0px;border-bottom-left-radius:0px;}.kadence-column234_29ae34-f7 > .kt-inside-inner-col{column-gap:var(--global-kb-gap-sm, 1rem);}.kadence-column234_29ae34-f7 > .kt-inside-inner-col{flex-direction:column;}.kadence-column234_29ae34-f7 > .kt-inside-inner-col > .aligncenter{width:100%;}.kadence-column234_29ae34-f7 > .kt-inside-inner-col:before{opacity:0.3;}.kadence-column234_29ae34-f7{position:relative;}@media all and (max-width: 1024px){.kadence-column234_29ae34-f7 > .kt-inside-inner-col{flex-direction:column;justify-content:center;}}@media all and (max-width: 767px){.kadence-column234_29ae34-f7 > .kt-inside-inner-col{flex-direction:column;justify-content:center;}}<\/style>\n<div class=\"wp-block-kadence-column kadence-column234_29ae34-f7\"><div class=\"kt-inside-inner-col\"><\/div><\/div>\n\n<\/div><\/div>\n\n\n<p><\/p>\n\n\n<style>.kadence-column234_45dfa6-76 > .kt-inside-inner-col,.kadence-column234_45dfa6-76 > .kt-inside-inner-col:before{border-top-left-radius:0px;border-top-right-radius:0px;border-bottom-right-radius:0px;border-bottom-left-radius:0px;}.kadence-column234_45dfa6-76 > .kt-inside-inner-col{column-gap:var(--global-kb-gap-sm, 1rem);}.kadence-column234_45dfa6-76 > .kt-inside-inner-col{flex-direction:column;}.kadence-column234_45dfa6-76 > .kt-inside-inner-col > .aligncenter{width:100%;}.kadence-column234_45dfa6-76 > .kt-inside-inner-col:before{opacity:0.3;}.kadence-column234_45dfa6-76{position:relative;}@media all and (max-width: 1024px){.kadence-column234_45dfa6-76 > .kt-inside-inner-col{flex-direction:column;justify-content:center;}}@media all and (max-width: 767px){.kadence-column234_45dfa6-76 > .kt-inside-inner-col{flex-direction:column;justify-content:center;}}<\/style>\n<!-- PersonalFitness Bewertungssiegel -->\n<style type=\"text\/css\">body {-ms-overflow-style: scrollbar;} @media(max-width:991px){.PF_widget_container {display:none !important;}}<\/style>\n<a class=\"PF_widget_container\" href=\"https:\/\/www.personalfitness.de\/suche\/trainer\/4890\/tim-rulands-basel.html\" title=\"Kundenbewertungen &amp; Erfahrungen zu Tim Rulands. Mehr Infos anzeigen.\" target=\"_blank\" style=\"text-decoration:none;z-index:9999;position:fixed;float:left;line-height:0;left:15px;bottom:150px;\" rel=\"noopener\">\n<img loading=\"lazy\" decoding=\"async\" src=\"https:\/\/www.personalfitness.de\/embleme\/4890.png\" alt=\"Erfahrungen &amp; Bewertungen zu Tim Rulands\" width=\"120\" height=\"137\" style=\"border:0\" \/><\/a>\n<!-- PersonalFitness Bewertungssiegel -->\n","protected":false},"excerpt":{"rendered":"<p>Der Weg zu Ihren Zielen beginnt nicht nur mit einem ersten Schritt \u2013sondern mit der Entscheidung, ihn bewusst zu gehen. Willkommen bei Rulands \u2013 Personal Coaching. Vielleicht wissen Sie, dass Sie etwas ver\u00e4ndern m\u00f6chten \u2013 aber nicht genau, wo Sie anfangen sollen. Genau hier setze ich an:Ich begleite Sie strukturiert, individuell und zielgerichtet auf Ihrem &hellip; <\/p>\n<p class=\"link-more\"><a href=\"https:\/\/www.rulands-coaching.com\/\" class=\"more-link\">Mehr <span class=\"screen-reader-text\">\u00fcber &#8220;Home&#8221; <\/span>Lesen<\/a><\/p>\n","protected":false},"author":1,"featured_media":0,"parent":0,"menu_order":0,"comment_status":"closed","ping_status":"closed","template":"template_home.php","meta":{"inspiro_hide_title":true,"footnotes":""},"class_list":["post-234","page","type-page","status-publish","hentry"],"_links":{"self":[{"href":"https:\/\/www.rulands-coaching.com\/wp-json\/wp\/v2\/pages\/234","targetHints":{"allow":["GET"]}}],"collection":[{"href":"https:\/\/www.rulands-coaching.com\/wp-json\/wp\/v2\/pages"}],"about":[{"href":"https:\/\/www.rulands-coaching.com\/wp-json\/wp\/v2\/types\/page"}],"author":[{"embeddable":true,"href":"https:\/\/www.rulands-coaching.com\/wp-json\/wp\/v2\/users\/1"}],"replies":[{"embeddable":true,"href":"https:\/\/www.rulands-coaching.com\/wp-json\/wp\/v2\/comments?post=234"}],"version-history":[{"count":38,"href":"https:\/\/www.rulands-coaching.com\/wp-json\/wp\/v2\/pages\/234\/revisions"}],"predecessor-version":[{"id":519,"href":"https:\/\/www.rulands-coaching.com\/wp-json\/wp\/v2\/pages\/234\/revisions\/519"}],"wp:attachment":[{"href":"https:\/\/www.rulands-coaching.com\/wp-json\/wp\/v2\/media?parent=234"}],"curies":[{"name":"wp","href":"https:\/\/api.w.org\/{rel}","templated":true}]}}